{"id":929,"date":"2020-12-20T20:46:48","date_gmt":"2020-12-20T20:46:48","guid":{"rendered":"http:\/\/hildegard-jaekel.de\/?page_id=929"},"modified":"2024-10-03T13:05:51","modified_gmt":"2024-10-03T13:05:51","slug":"ausstellungen","status":"publish","type":"page","link":"https:\/\/hildegard-jaekel.de\/?page_id=929","title":{"rendered":"Ausstellungen"},"content":{"rendered":"\n<table id=\"tablepress-TabelleAusstellungen\" class=\"tablepress tablepress-id-TabelleAusstellungen\">\n<tbody>\n<tr class=\"row-1\">\n\t<td class=\"column-1\">2025<\/td><td class=\"column-2\">\"K\u00f6rper und Zeichen\" Ausstellungsraum Quidde 3 Kassel<\/td>\n<\/tr>\n<tr class=\"row-2\">\n\t<td class=\"column-1\">2024<\/td><td class=\"column-2\">\"Kunst und Musik\", Ausstellung des Vereins K\u00fcnsternachl\u00e4sse e.V. im Ausstellungsraum Jaekel, Quiddestra\u00dfe 3, Kassel<\/td>\n<\/tr>\n<tr class=\"row-3\">\n\t<td class=\"column-1\">2024<\/td><td class=\"column-2\">TRANSIT - apart Galerie in Solothurn (CH)<\/td>\n<\/tr>\n<tr class=\"row-4\">\n\t<td class=\"column-1\">2023<\/td><td class=\"column-2\">75 Jahre BWK Kassel in der documenta-Halle<\/td>\n<\/tr>\n<tr class=\"row-5\">\n\t<td class=\"column-1\">2022<\/td><td class=\"column-2\">TRANSIT im Kulturbahnhof Kassel<\/td>\n<\/tr>\n<tr class=\"row-6\">\n\t<td class=\"column-1\">2021<\/td><td class=\"column-2\">\"Erdbilder und wilde Kreaturen\" im Kunstbalkon Kassel<\/td>\n<\/tr>\n<tr class=\"row-7\">\n\t<td class=\"column-1\">2021<\/td><td class=\"column-2\">BBK Ausstellung im Botanischen Garten in Kassel<\/td>\n<\/tr>\n<tr class=\"row-8\">\n\t<td class=\"column-1\">2020<\/td><td class=\"column-2\">TRANSFORMATION im Kulturbahnhof Kassel<\/td>\n<\/tr>\n<tr class=\"row-9\">\n\t<td class=\"column-1\">2019<\/td><td class=\"column-2\">\"Erden und Steine\" mit Ruth Lahrmann im Atelier Jaekel<br \/>\n<br \/>\nAtelierrundgang Kassel<br \/>\n<br \/>\n\"Bildung\", BBK, Landkreis Kassel (G)<br \/>\n<br \/>\nUPK - Kunstpreisausstellung, Kassel (G)<\/td>\n<\/tr>\n<tr class=\"row-10\">\n\t<td class=\"column-1\">2018<\/td><td class=\"column-2\">3. Kasseler Kunstmesse in der documenta - Halle<br \/>\n<br \/>\nArtist Liaison-Singulart, Paris, ab M\u00e4rz<br \/>\n<br \/>\nAtelierrundgang Kassel<br \/>\n<br \/>\nEdition BBK, Kasseler Sparkasse<br \/>\n<br \/>\n<\/td>\n<\/tr>\n<tr class=\"row-11\">\n\t<td class=\"column-1\">2017<\/td><td class=\"column-2\">HESSIALE in Marburg - Kunstverein (G)<br \/>\n<br \/>\n\"Heute hier morgen da\", Kunstbalkon (G)<br \/>\n<br \/>\n\"Angekommen\" BBK, Landkreis Kassel (G)<\/td>\n<\/tr>\n<tr class=\"row-12\">\n\t<td class=\"column-1\">2016<\/td><td class=\"column-2\">2. Kasseler Kunstmesse in der documenta - Halle<br \/>\n<br \/>\nAusstellung bei Plansecur, Kassel (G)<br \/>\n<br \/>\n\"Ton in Ton\", Walfahrtskirche Gottsb\u00fcren (E)<\/td>\n<\/tr>\n<tr class=\"row-13\">\n\t<td class=\"column-1\">2015<\/td><td class=\"column-2\">Galerie K\u00fcnstlerdeck, Wieck a.d. Dar\u00df (E)<br \/>\n<br \/>\n\"... Stein zu sein  ...\", B\u00fcrgerhaus Korbach (E)<br \/>\n<br \/>\n\"was bleibt\", Kunstbalkon Kassel (G)<\/td>\n<\/tr>\n<tr class=\"row-14\">\n\t<td class=\"column-1\">2014<\/td><td class=\"column-2\">\"alem mar\" - Montes Claros \/ Brasilien (G)<br \/>\n<br \/>\n\"5 x kunst aus der documenta stadt kassel\", hbk-galerie, Hamm (G)<br \/>\n<br \/>\n1. Kasseler Kunstmesse in der documenta - Halle<\/td>\n<\/tr>\n<tr class=\"row-15\">\n\t<td class=\"column-1\">2013<\/td><td class=\"column-2\">\"Zeichen\", d-gallery Kassel (G)<br \/>\n<br \/>\nGalerie \"K\u00fcnstlerdeck\" in der Dar\u00dfer Arche, Wieck auf dem Dar\u00df (E)<br \/>\n<br \/>\nAtelierrundgang Kassel<br \/>\n<br \/>\n\"Besitz und Seligkeit\", Kunstbalkon, Kassel (G)<br \/>\n<br \/>\n\"Sand, Wasser, Erde - und der Mensch\", F\u00f6rderverein f\u00fcr Kunst- und Kultur Eiderstedt, Garding (G)<\/td>\n<\/tr>\n<tr class=\"row-16\">\n\t<td class=\"column-1\">2012<\/td><td class=\"column-2\">\"Atmosph\u00e4ren\", Kulturverein e.V. Remisengalerie, Hanau (G)<br \/>\n<br \/>\n\"... verfluchter Hunger nach Gold\", Installation, Kunstpavillon in Hofwiesenpark, Gera (E)<br \/>\n<br \/>\n\"Balance ll\" mit Barbara Toch, Atelier Galerie Uferlos, Gera<br \/>\n<br \/>\n\"Vanitas\", Neust\u00e4dter Kirche, Hofgeismar (E)<br \/>\n<br \/>\n\"Atmosph\u00e4ren IV\", Kunstbalkon Kassel (G)<br \/>\n<br \/>\n\"360 Grad\" mit INK und Maria Dorn, Remisengalerie Hanau<\/td>\n<\/tr>\n<tr class=\"row-17\">\n\t<td class=\"column-1\">2011<\/td><td class=\"column-2\">\"Ophelia\", Kunstbalkon, Kassel (G)<br \/>\n<br \/>\n\"Die wei\u00dfe Wand\", Kunstbalkon, Kassel (G)<br \/>\n<br \/>\n\"Wandlungen\", Adventskirche Kassel (E)<\/td>\n<\/tr>\n<tr class=\"row-18\">\n\t<td class=\"column-1\">2010<\/td><td class=\"column-2\">\"Lo sguardo attraverso, Arte di Kassel - citta della documenta, Germania\", Malerei, Galleria Studio 44, Genua (G)<br \/>\n<br \/>\n\"Farbfelder.Konterfei der Orte\", Bodeninstallation, Alte Br\u00fcderkirche, Kassel (E)<br \/>\n<br \/>\n\"Inszenierungen\", mit Giacomo Saviozzi, Kunstbalkon, Kassel<br \/>\n<br \/>\n\"Struktur.Wandel\", Installation, Forum Konkrete Kunst, Erfurt - Kulturbahnhof S\u00fcdfl\u00fcgel, Kassel - Kunstpavillon Eisenach (G,K)<\/td>\n<\/tr>\n<tr class=\"row-19\">\n\t<td class=\"column-1\">2009<\/td><td class=\"column-2\">\"Malerei, Objekte, Zeichnungen\", Kunstverein in Gera (E)<br \/>\n<br \/>\n\"Auf dem Weg zu einer k\u00fcnstlichen Welt\", 4. H\u00f6hler Biennale Gera (G,K)<br \/>\n<br \/>\n\"Luna e l`altro\", Florenz, Palazzo Panciatichi + Pontassieve, La Barbagianna + Certaldo Alto, Palazzo Pretorio (G,K)<br \/>\n<br \/>\n\"Grenzwechsel - Das Wanfriedprojekt\", Grafikkasette, Sparkassenzentrum Erfurt (G)<\/td>\n<\/tr>\n<tr class=\"row-20\">\n\t<td class=\"column-1\">2008<\/td><td class=\"column-2\">\u201eNat\u00fcrlichNichtNat\u00fcrlich\u201c, Kunstbalkon, Kassel (G)<br \/>\n<br \/>\n\u201eBalance\u201c mit Garbara Toch, Gera, Kunstbalkon, Kassel<br \/>\n<br \/>\n60 Jahre BBK Kassel - Nordhessen, Stadtmuseum Kassel (G,K)<\/td>\n<\/tr>\n<tr class=\"row-21\">\n\t<td class=\"column-1\">2007<\/td><td class=\"column-2\">\u201eArte Mobile\u201c, Palazzo Vecchio, Florenz (G,K)<br \/>\n<br \/>\nInstallation \"Lichtgespinst und Wassertropfen\", 3. internationale H\u00f6hler Biennale, Gera (G,K)<br \/>\n<br \/>\n\u201eSpannungsr\u00e4ume\u201c, Galerie Klosterformat, Rostock (E)<br \/>\n<br \/>\n\u201eHommage an Sophie Henschel\u201c, Kunst im \u00f6ffentlichen Raum, Universit\u00e4t Kassel<br \/>\n<br \/>\n\"Ein Experiment mit der Wahrnehmung, den Farben und dem Licht\", Tauchgondel Zinnowitz (E)\t<\/td>\n<\/tr>\n<tr class=\"row-22\">\n\t<td class=\"column-1\">2006<\/td><td class=\"column-2\">\u201eLandart\u201c, City \u2013 Art Museum, Kawagoe, Japan (G,K)<br \/>\n<br \/>\n\u201eFormsache N\u201c, Malerei, Packhof, Hann. M\u00fcnden (G,K)<br \/>\n<br \/>\n\u201e26 am 8. M\u00e4rz\u201c, 365 Orte im Land der Ideen, Malerei, S\u00fcdfl\u00fcgel Kulturbahnhof, Kassel (G,K)<br \/>\n<br \/>\n\"Incarna\", Malerei, Durban\/Corbiere, Frankreich (G)<br \/>\n<br \/>\nMalerei, 8x Alte Br\u00fcderkirche, Kassel (E)<br \/>\n<br \/>\nArte Mobile: \"Vom Stein zum Chip\", K\u00fcnstleraustausch Florenz-Kassel (G,K)<br \/>\n<br \/>\n16. Kunstmesse, Frauenmuseum Bonn (G,K)<\/td>\n<\/tr>\n<tr class=\"row-23\">\n\t<td class=\"column-1\">2005<\/td><td class=\"column-2\">\u201eHessiale 2005\u201c, Landeskunstausstellung Hessen, Kulturbahnhof Kassel (K)<br \/>\n<br \/>\n\u201eMit der Landschaft malen\u201c, Malerei und Objekte, Museum am Sch\u00f6lerberg, Osnabr\u00fcck (E)<br \/>\n<br \/>\n\u201eLeibhaftig\u201c, Malerei, K\u00fcnstlerforum, Bonn (G)<br \/>\n\tHessischer Rundfunk \u2013 Bilderbogen (Portr\u00e4t)<br \/>\n\t\"Zweimal Japan und zur\u00fcck\" mit Sabine Stange, Kunstbalkon Kassel<br \/>\n\t\"Tangram\", Installation, Peripherie: Losse-Kunst am Fluss, Kassel (G,K)<br \/>\n\t(Gemeinschaftsinitiative der Europ\u00e4ischen Union - GI URBAN ll 2001-2006)<br \/>\n\t\"Zippel-Stiftung\"- Artothek, Ausstellung Neue Galerie, Staatl. Museen Kassel (G)<\/td>\n<\/tr>\n<tr class=\"row-24\">\n\t<td class=\"column-1\">2004<\/td><td class=\"column-2\">\u201eGlobalia\u201c, Frauenmuseum, Bonn (G,K)<br \/>\n<br \/>\n\"Kabinettst\u00fccke\", Galerie im Verwaltungsgerichtshof Kassel (E)<br \/>\n<br \/>\n\"Erinnerte Landschaft\", Objekte, Museumsnacht 2004, Lutherturm Kassel<\/td>\n<\/tr>\n<tr class=\"row-25\">\n\t<td class=\"column-1\">2003<\/td><td class=\"column-2\">\u201eSac de Plastique\u201c, IG Bildende Kunst, Wien (G)<br \/>\n<br \/>\nHiki Open Air Expressions Exhibition, \"Bodies turn into Stone\", Tokyo, Japan (G,K)<br \/>\n<br \/>\n\"Leibhaftig\", Kunstbalkon Kassel (G)<br \/>\n\t\"Scenic - Spots\" mit Sabine Stange, Frauenmuseum Bonn<br \/>\n\tOffenes Atelier, Evangelisches Forum und Kasseler Kunstverein<\/td>\n<\/tr>\n<tr class=\"row-26\">\n\t<td class=\"column-1\">2002<\/td><td class=\"column-2\">\u201eKunstbalkon meets China\u201c Academie of Fine Art, Hang \u2013 Zhou, China (G)<br \/>\n<br \/>\n\u201eHessiale 2002\u201c, Landeskunstausstellung Hessen, Gie\u00dfen (G,K)<br \/>\n<br \/>\n\u201eIns Licht setzen\u201c, Kassel \u2013 Stadtprogramm im documenta Jahr (E)<br \/>\n\tKunst und Musik in der Kirche mit Peer Schlechta, Malerei und Skulpturen, Neust\u00e4dter Kirche, Hofgeismar (E)<br \/>\n\tMalerei mit der Gruppe ART PARALLEL, Galerie Art Mc Cann, Frankfurt\/M (G)<br \/>\n\tMalerei, Wohnfabrik Kassel (E)<\/td>\n<\/tr>\n<tr class=\"row-27\">\n\t<td class=\"column-1\">2001<\/td><td class=\"column-2\">\u201eFace \u00e0 Face\u201c mit Ulrich Fischer, Gera, Kunstbalkon Kassel<br \/>\n<br \/>\n\"Identit\u00e4tsmuster\", Bildinstallation, S\u00fcdfl\u00fcgel Kulturbahnhof Kassel (G)<br \/>\n<br \/>\nMalerei Kunstverein Gera (G)<br \/>\n\tObjekte Kunsthaus Gera (G)<\/td>\n<\/tr>\n<tr class=\"row-28\">\n\t<td class=\"column-1\">2000<\/td><td class=\"column-2\">Malerei, Holzhausen Schl\u00f6sschen, Frankfurt am Main (G)<br \/>\n<br \/>\nMalerei, Galerie Waidspeicher, Erfurt (G,K)<br \/>\n<br \/>\nAtelierundgang des Neuen Kasseler Kunstvereins<br \/>\n\t\"in situ\", Installation mit Skulptur und Malerei, Kunst im leeren Laden, Kassel (G)<br \/>\n\t\"Durchgangszimmer\" - 12 Bilder, S\u00fcdfl\u00fcgel des Kulturbahnhofs Kassel (G)<br \/>\n\t\"Mit der Landschaft malen\" mit Bernhard M\u00fcnzenmayer, Wien, Kassel<\/td>\n<\/tr>\n<tr class=\"row-29\">\n\t<td class=\"column-1\">1999<\/td><td class=\"column-2\">Malerei \u201e19 Positionen\u201c, Landesvertretung Hessen in Bonn (G)<br \/>\n<br \/>\n\u201eObjekte\u201c, Kunstverein Hitzacker (G,K)<br \/>\n<br \/>\n\"SinnUnsinnlichkeit\", Kunstbalkon Kassel (G)<\/td>\n<\/tr>\n<tr class=\"row-30\">\n\t<td class=\"column-1\">1998<\/td><td class=\"column-2\">\u201eHessiale 1998\u201c, Landeskunstausstellung Hessen, Wiesbaden (G,K)<br \/>\n<br \/>\n\u201eMalerei + Objekte \u2013 Hildegard Jaekel\u201c, Galerie Hellinga, Beetsterzwaag, NL (E)<br \/>\n<br \/>\nAtelierrundgang des Neuen Kasseler Kunstvereins<br \/>\n\tMalerei \"Kunstbalkon im Kulturbahnhof Kassel\" (G)<br \/>\n\t\"Europalette\", Neuer Kasseler Kunstverein (G,K)<\/td>\n<\/tr>\n<tr class=\"row-31\">\n\t<td class=\"column-1\">1997<\/td><td class=\"column-2\">\u201eBilder + Objekte \u2013 Hildegard Jaekel\u201c, Museum Schloss Wilhelmsburg, Schmalkalden (E)<br \/>\n<br \/>\nMalerei, BBVL, Leipzig (G)\t<\/td>\n<\/tr>\n<tr class=\"row-32\">\n\t<td class=\"column-1\">1996<\/td><td class=\"column-2\">\u201eIm Rahmen\u201c, Medien \u2013 Centrum, Bremen (E)<br \/>\n<br \/>\n\"One Way Exhibition North Hessian - Bosnia\", Kunsthallen Tuzlar - Zenica - Mostar (G)<br \/>\n<br \/>\nMaskenbilder, 2. Festival imaginaire du masque, Hamburg - Gelnhausen (G,K)<br \/>\n\tKleines Format, Installation \"Rot-Blau-Gelb-DeutschesReichPatent\", Kunstverein Alsdorf\/Aachen (G)<\/td>\n<\/tr>\n<tr class=\"row-33\">\n\t<td class=\"column-1\">1995<\/td><td class=\"column-2\">\u201eLandart\u201c, Installation mit Kartoffels\u00e4cken, Sch\u00f6nhagen (G,K)<br \/>\n<br \/>\n\"Mata Hari\" - Malerei, Dock 4, Kulturhaus Kassel (G,K)<br \/>\n<br \/>\n\"Grafik Edition 1995\", BBK Kassel\t<\/td>\n<\/tr>\n<tr class=\"row-34\">\n\t<td class=\"column-1\">1994<\/td><td class=\"column-2\">Installation, \"Raster von unten - oder die R\u00fcckseiten der Fu\u00dfabtreter\", Kulturhaus Dock 4, Kassel (G,K)<br \/>\n<br \/>\nWandobjekte und Installationen, Assmann-Gruppe, Braunschweig (E)<\/td>\n<\/tr>\n<tr class=\"row-35\">\n\t<td class=\"column-1\">1993<\/td><td class=\"column-2\">\"Das kleine Format\", BBK, Kassel (G)<br \/>\n<br \/>\n\"Grafik Edition\", BBK, Kassel <br \/>\n<br \/>\nKunst im Vorzimmer des OB, \"Triptychon\", Rathaus Kassel (E)<\/td>\n<\/tr>\n<tr class=\"row-36\">\n\t<td class=\"column-1\">1992<\/td><td class=\"column-2\">\u201eLichtsegel\u201c, Bundesakademie f\u00fcr kulturelle Bildung, Wolfenb\u00fcttel (G)<\/td>\n<\/tr>\n<tr class=\"row-37\">\n\t<td class=\"column-1\">1991<\/td><td class=\"column-2\">Rauminstallation \"Ostinato\", Kunstscheune Bad Emstal (E)<\/td>\n<\/tr>\n<tr class=\"row-38\">\n\t<td class=\"column-1\">1990<\/td><td class=\"column-2\">Neue Materialbilder, Wittgensteiner Kunstgesellschaft, Bad Berleburg (E)<\/td>\n<\/tr>\n<tr class=\"row-39\">\n\t<td class=\"column-1\">1989<\/td><td class=\"column-2\">Installation \"Der Stuhl des Chefredakteurs Karl Marx\" - endlich ein Sitzplatz f\u00fcr Karl Marx, Karl-Marx-Platz, Kassel (E)<br \/>\n<br \/>\nDer Stern - ein Kunstraum im Vorderen Westen, Kassel, Kunstaktionen (G)<br \/>\n<br \/>\nWandobjekt aus Nylonschnur, Kunstetage Dock 4, Kulturhaus Kassel (G,K)<\/td>\n<\/tr>\n<tr class=\"row-40\">\n\t<td class=\"column-1\">1988<\/td><td class=\"column-2\">\u201eLampenlicht auf wei\u00dfer Wand \u2013 der Schatten\u201c, Schaufenster Galerie, Kassel (E)<br \/>\n<br \/>\nMaterialbilder, Kreissparkasse Kassel (E)<\/td>\n<\/tr>\n<tr class=\"row-41\">\n\t<td class=\"column-1\">1987<\/td><td class=\"column-2\">\u201eKunst pur + vor Ort\u201c, Rahmenprogramm der documenta 8, Kassel (G)<br \/>\n<br \/>\nInstallation \"Froschk\u00f6nig\", vor dem Schloss Bellevue, Br\u00fcder-Grimm-Museum, Kassel (G)<\/td>\n<\/tr>\n<\/tbody>\n<\/table>\n<!-- #tablepress-TabelleAusstellungen from cache -->\n\n\n\n<p><\/p>\n","protected":false},"excerpt":{"rendered":"","protected":false},"author":2,"featured_media":0,"parent":0,"menu_order":0,"comment_status":"closed","ping_status":"closed","template":"","meta":{"footnotes":""},"class_list":["post-929","page","type-page","status-publish","hentry"],"_links":{"self":[{"href":"https:\/\/hildegard-jaekel.de\/index.php?rest_route=\/wp\/v2\/pages\/929","targetHints":{"allow":["GET"]}}],"collection":[{"href":"https:\/\/hildegard-jaekel.de\/index.php?rest_route=\/wp\/v2\/pages"}],"about":[{"href":"https:\/\/hildegard-jaekel.de\/index.php?rest_route=\/wp\/v2\/types\/page"}],"author":[{"embeddable":true,"href":"https:\/\/hildegard-jaekel.de\/index.php?rest_route=\/wp\/v2\/users\/2"}],"replies":[{"embeddable":true,"href":"https:\/\/hildegard-jaekel.de\/index.php?rest_route=%2Fwp%2Fv2%2Fcomments&post=929"}],"version-history":[{"count":14,"href":"https:\/\/hildegard-jaekel.de\/index.php?rest_route=\/wp\/v2\/pages\/929\/revisions"}],"predecessor-version":[{"id":1022,"href":"https:\/\/hildegard-jaekel.de\/index.php?rest_route=\/wp\/v2\/pages\/929\/revisions\/1022"}],"wp:attachment":[{"href":"https:\/\/hildegard-jaekel.de\/index.php?rest_route=%2Fwp%2Fv2%2Fmedia&parent=929"}],"curies":[{"name":"wp","href":"https:\/\/api.w.org\/{rel}","templated":true}]}}